{"id":2,"date":"2009-03-24T18:19:30","date_gmt":"2009-03-24T17:19:30","guid":{"rendered":"http:\/\/grete.duna.no\/blog\/?page_id=2"},"modified":"2019-11-18T14:00:39","modified_gmt":"2019-11-18T13:00:39","slug":"grete","status":"publish","type":"page","link":"https:\/\/grete.duna.no\/blog\/grete\/","title":{"rendered":"Grete"},"content":{"rendered":"<h1 style=\"text-align: center;\"><span style=\"color: #398f45;\">Here I am &#8211; this is me<\/span><\/h1>\n<p style=\"text-align: left;\"><img decoding=\"async\" loading=\"lazy\" class=\"aligncenter size-full wp-image-4346\" style=\"border: 1px solid black; margin-top: 1px; margin-bottom: 1px;\" title=\"my-eyes\" src=\"http:\/\/grete.duna.no\/blog\/wp-content\/uploads\/2009\/03\/my-eyes.jpg\" alt=\"\" width=\"540\" height=\"358\" srcset=\"https:\/\/grete.duna.no\/blog\/wp-content\/uploads\/2009\/03\/my-eyes.jpg 600w, https:\/\/grete.duna.no\/blog\/wp-content\/uploads\/2009\/03\/my-eyes-300x199.jpg 300w\" sizes=\"(max-width: 540px) 85vw, 540px\" \/>Dette er min blogg. Her skribler jeg ned ting som foreg\u00e5r i livet mitt og rundt meg, ting jeg tenker p\u00e5 eller er opptatt av. Det er en slags utbl\u00e5singskanal, men mest av alt en m\u00e5te \u00e5 stille skrivekl\u00f8en p\u00e5. Jeg vil ogs\u00e5 pr\u00f8ve \u00e5 vise frem ting jeg lager, det er mest strikking her i g\u00e5rden. Les i vei om du har lyst, og kommenter gjerne!<\/p>\n<p><a href=\"https:\/\/grete.duna.no\/blog\/wp-content\/uploads\/2019\/11\/5U6A8088-Edit-scaled.jpg\"><img decoding=\"async\" loading=\"lazy\" class=\"alignright size-full wp-image-24394\" style=\"border: 1px solid black;\" src=\"https:\/\/grete.duna.no\/blog\/wp-content\/uploads\/2019\/11\/5U6A8088-Edit-scaled.jpg\" alt=\"\" width=\"2560\" height=\"1707\" srcset=\"https:\/\/grete.duna.no\/blog\/wp-content\/uploads\/2019\/11\/5U6A8088-Edit-scaled.jpg 2560w, https:\/\/grete.duna.no\/blog\/wp-content\/uploads\/2019\/11\/5U6A8088-Edit-300x200.jpg 300w, https:\/\/grete.duna.no\/blog\/wp-content\/uploads\/2019\/11\/5U6A8088-Edit-1024x683.jpg 1024w, https:\/\/grete.duna.no\/blog\/wp-content\/uploads\/2019\/11\/5U6A8088-Edit-768x512.jpg 768w, https:\/\/grete.duna.no\/blog\/wp-content\/uploads\/2019\/11\/5U6A8088-Edit-1536x1024.jpg 1536w, https:\/\/grete.duna.no\/blog\/wp-content\/uploads\/2019\/11\/5U6A8088-Edit-2048x1365.jpg 2048w, https:\/\/grete.duna.no\/blog\/wp-content\/uploads\/2019\/11\/5U6A8088-Edit-1200x800.jpg 1200w\" sizes=\"(max-width: 709px) 85vw, (max-width: 909px) 67vw, (max-width: 1362px) 62vw, 840px\" \/><\/a>Jeg er gift med Olav, mamma til Fredrik, Margrete, Tobias og Sondre, bestemor til Ida Sofie og Ive Fredrikke, har en liten hund som heter Lukas, jobber i Uninett og bor i Trondheim. S\u00e5 ofte jeg kan er jeg p\u00e5 hytta. Jeg har spilt volleyball og st\u00e5tt mye p\u00e5 ski, men utskifting av et kne har etter hvert satt en stopper for slikt. Jeg har ingen fritidsproblemer, og overskuddstid fylles med alt jeg trives med; lesing, strikking, hage og tid med familien.<\/p>\n<h4>Legg gjerne igjen en kommentar<\/h4>\n<p>Bloggen min st\u00f8tter Gravatars. Du kan f\u00e5 ditt eget bilde ved kommentaren din hvis du registrerer deg p\u00e5 <a href=\"http:\/\/www.gravatar.com\/\">gravatar.com<\/a>. Jeg blir glad for hilsener, eller tips om andre blogger der ute som fortjener et bes\u00f8k. Vi sees kanskje?<\/p>\n","protected":false},"excerpt":{"rendered":"<p>Here I am &#8211; this is me Dette er min blogg. Her skribler jeg ned ting som foreg\u00e5r i livet mitt og rundt meg, ting jeg tenker p\u00e5 eller er opptatt av. Det er en slags utbl\u00e5singskanal, men mest av alt en m\u00e5te \u00e5 stille skrivekl\u00f8en p\u00e5. Jeg vil ogs\u00e5 pr\u00f8ve \u00e5 vise frem ting &hellip; <a href=\"https:\/\/grete.duna.no\/blog\/grete\/\" class=\"more-link\">Continue reading<span class=\"screen-reader-text\"> &#8220;Grete&#8221;<\/span><\/a><\/p>\n","protected":false},"author":2,"featured_media":0,"parent":0,"menu_order":3,"comment_status":"closed","ping_status":"closed","template":"","meta":[],"_links":{"self":[{"href":"https:\/\/grete.duna.no\/blog\/wp-json\/wp\/v2\/pages\/2"}],"collection":[{"href":"https:\/\/grete.duna.no\/blog\/wp-json\/wp\/v2\/pages"}],"about":[{"href":"https:\/\/grete.duna.no\/blog\/wp-json\/wp\/v2\/types\/page"}],"author":[{"embeddable":true,"href":"https:\/\/grete.duna.no\/blog\/wp-json\/wp\/v2\/users\/2"}],"replies":[{"embeddable":true,"href":"https:\/\/grete.duna.no\/blog\/wp-json\/wp\/v2\/comments?post=2"}],"version-history":[{"count":25,"href":"https:\/\/grete.duna.no\/blog\/wp-json\/wp\/v2\/pages\/2\/revisions"}],"predecessor-version":[{"id":24395,"href":"https:\/\/grete.duna.no\/blog\/wp-json\/wp\/v2\/pages\/2\/revisions\/24395"}],"wp:attachment":[{"href":"https:\/\/grete.duna.no\/blog\/wp-json\/wp\/v2\/media?parent=2"}],"curies":[{"name":"wp","href":"https:\/\/api.w.org\/{rel}","templated":true}]}}

<h1 style="text-align: center;"><span style="color: #398f45;">Here I am &#8211; this is me</span></h1>
<p style="text-align: left;"><img decoding="async" loading="lazy" class="aligncenter size-full wp-image-4346" style="border: 1px solid black; margin-top: 1px; margin-bottom: 1px;" title="my-eyes" src="http://grete.duna.no/blog/wp-content/uploads/2009/03/my-eyes.jpg" alt="" width="540" height="358" srcset="https://grete.duna.no/blog/wp-content/uploads/2009/03/my-eyes.jpg 600w, https://grete.duna.no/blog/wp-content/uploads/2009/03/my-eyes-300x199.jpg 300w" sizes="(max-width: 540px) 85vw, 540px" />Dette er min blogg. Her skribler jeg ned ting som foregår i livet mitt og rundt meg, ting jeg tenker på eller er opptatt av. Det er en slags utblåsingskanal, men mest av alt en måte å stille skrivekløen på. Jeg vil også prøve å vise frem ting jeg lager, det er mest strikking her i gården. Les i vei om du har lyst, og kommenter gjerne!</p>
<p><a href="https://grete.duna.no/blog/wp-content/uploads/2019/11/5U6A8088-Edit-scaled.jpg"><img decoding="async" loading="lazy" class="alignright size-full wp-image-24394" style="border: 1px solid black;" src="https://grete.duna.no/blog/wp-content/uploads/2019/11/5U6A8088-Edit-scaled.jpg" alt="" width="2560" height="1707" srcset="https://grete.duna.no/blog/wp-content/uploads/2019/11/5U6A8088-Edit-scaled.jpg 2560w, https://grete.duna.no/blog/wp-content/uploads/2019/11/5U6A8088-Edit-300x200.jpg 300w, https://grete.duna.no/blog/wp-content/uploads/2019/11/5U6A8088-Edit-1024x683.jpg 1024w, https://grete.duna.no/blog/wp-content/uploads/2019/11/5U6A8088-Edit-768x512.jpg 768w, https://grete.duna.no/blog/wp-content/uploads/2019/11/5U6A8088-Edit-1536x1024.jpg 1536w, https://grete.duna.no/blog/wp-content/uploads/2019/11/5U6A8088-Edit-2048x1365.jpg 2048w, https://grete.duna.no/blog/wp-content/uploads/2019/11/5U6A8088-Edit-1200x800.jpg 1200w" sizes="(max-width: 709px) 85vw, (max-width: 909px) 67vw, (max-width: 1362px) 62vw, 840px" /></a>Jeg er gift med Olav, mamma til Fredrik, Margrete, Tobias og Sondre, bestemor til Ida Sofie og Ive Fredrikke, har en liten hund som heter Lukas, jobber i Uninett og bor i Trondheim. Så ofte jeg kan er jeg på hytta. Jeg har spilt volleyball og stått mye på ski, men utskifting av et kne har etter hvert satt en stopper for slikt. Jeg har ingen fritidsproblemer, og overskuddstid fylles med alt jeg trives med; lesing, strikking, hage og tid med familien.</p>
<h4>Legg gjerne igjen en kommentar</h4>
<p>Bloggen min støtter Gravatars. Du kan få ditt eget bilde ved kommentaren din hvis du registrerer deg på <a href="http://www.gravatar.com/">gravatar.com</a>. Jeg blir glad for hilsener, eller tips om andre blogger der ute som fortjener et besøk. Vi sees kanskje?</p>

<p>Here I am &#8211; this is me Dette er min blogg. Her skribler jeg ned ting som foregår i livet mitt og rundt meg, ting jeg tenker på eller er opptatt av. Det er en slags utblåsingskanal, men mest av alt en måte å stille skrivekløen på. Jeg vil også prøve å vise frem ting &hellip; <a href="https://grete.duna.no/blog/grete/" class="more-link">Continue reading<span class="screen-reader-text"> &#8220;Grete&#8221;</span></a></p>
